{"id":1256,"date":"2021-10-11T00:02:28","date_gmt":"2021-10-11T03:02:28","guid":{"rendered":"https:\/\/nova2021.dev\/?page_id=1256"},"modified":"2024-04-02T14:58:43","modified_gmt":"2024-04-02T17:58:43","slug":"trabalheconosco","status":"publish","type":"page","link":"https:\/\/novaigreja.com\/en\/trabalheconosco\/","title":{"rendered":"Trabalhe Conosco"},"content":{"rendered":"<p>[et_pb_section fb_built=&#8221;1&#8243; _builder_version=&#8221;4.20.2&#8243; _module_preset=&#8221;default&#8221; custom_padding=&#8221;||24px||false|false&#8221; global_colors_info=&#8221;{}&#8221;][et_pb_row column_structure=&#8221;1_2,1_2&#8243; make_equal=&#8221;on&#8221; custom_padding_last_edited=&#8221;on|tablet&#8221; _builder_version=&#8221;4.20.2&#8243; _module_preset=&#8221;default&#8221; use_background_color_gradient=&#8221;on&#8221; background_color_gradient_direction=&#8221;90deg&#8221; background_color_gradient_stops=&#8221;gcid-ff1ecb74-b464-4217-903c-d69e5e3c3f8c 0%|gcid-c5d7c083-e6b1-4d02-a4b0-3b3d3d6354af 100%&#8221; max_width_tablet=&#8221;90%&#8221; max_width_phone=&#8221;90%&#8221; max_width_last_edited=&#8221;on|tablet&#8221; custom_padding=&#8221;|3%||3%|false|true&#8221; custom_padding_tablet=&#8221;|3%||3%|false|true&#8221; custom_padding_phone=&#8221;|3%||3%|false|true&#8221; border_radii=&#8221;on|30px|30px|30px|30px&#8221; global_colors_info=&#8221;{%22gcid-6e8bc09b-f641-44e0-97bb-5256701eaade%22:%91%22background_color_gradient_stops%22%93,%22gcid-30ff4558-745a-466e-bdf1-26b5139f3523%22:%91%22background_color_gradient_stops%22%93,%22gcid-c5d7c083-e6b1-4d02-a4b0-3b3d3d6354af%22:%91%22background_color_gradient_stops%22%93,%22gcid-e48684dc-ba25-412d-b80a-0ab48c234c43%22:%91%22background_color_gradient_stops%22%93,%22gcid-ff1ecb74-b464-4217-903c-d69e5e3c3f8c%22:%91%22background_color_gradient_stops%22%93,%22gcid-25ac9308-b045-4eec-bab1-a5c95632d711%22:%91%22background_color_gradient_stops%22%93,%22gcid-bfe95e01-e276-416c-80e6-6af65af570dd%22:%91%22background_color_gradient_stops%22%93}&#8221;][et_pb_column type=&#8221;1_2&#8243; _builder_version=&#8221;4.20.2&#8243; _module_preset=&#8221;default&#8221; custom_css_main_element=&#8221;margin-top: auto;||margin-bottom: auto;&#8221; global_colors_info=&#8221;{}&#8221;][et_pb_text _builder_version=&#8221;4.20.2&#8243; _module_preset=&#8221;default&#8221; text_text_color=&#8221;#FFFFFF&#8221; custom_margin=&#8221;12px||||false|false&#8221; custom_padding=&#8221;||||false|false&#8221; text_orientation_tablet=&#8221;center&#8221; text_orientation_phone=&#8221;center&#8221; text_orientation_last_edited=&#8221;on|tablet&#8221; global_colors_info=&#8221;{}&#8221; header_2_line_height__hover_enabled=&#8221;off|desktop&#8221;]<\/p>\n<h2>Live your <em>called<\/em>,\u00a0<br \/>not only your career.<\/h2>\n<p>[\/et_pb_text][\/et_pb_column][et_pb_column type=&#8221;1_2&#8243; _builder_version=&#8221;4.20.2&#8243; _module_preset=&#8221;default&#8221; custom_css_main_element=&#8221;margin-top: auto;||margin-bottom: auto;&#8221; global_colors_info=&#8221;{}&#8221;][et_pb_text _builder_version=&#8221;4.20.2&#8243; _module_preset=&#8221;default&#8221; text_text_color=&#8221;gcid-e48684dc-ba25-412d-b80a-0ab48c234c43&#8243; global_colors_info=&#8221;{%22gcid-bfe95e01-e276-416c-80e6-6af65af570dd%22:%91%22link_text_color%22,%22link_text_color%22,%22link_text_color%22,%22link_text_color%22,%22link_text_color%22%93,%22gcid-e48684dc-ba25-412d-b80a-0ab48c234c43%22:%91%22text_text_color%22%93}&#8221;]<\/p>\n<p>If you or someone you know is interested, we'd love to get to know you a little more! To learn more or sign up, see below.<\/p>\n<p>[\/et_pb_text][\/et_pb_column][\/et_pb_row][\/et_pb_section][et_pb_section fb_built=&#8221;1&#8243; _builder_version=&#8221;4.20.2&#8243; _module_preset=&#8221;default&#8221; background_enable_color=&#8221;off&#8221; custom_padding=&#8221;0px||0px|||&#8221; global_colors_info=&#8221;{%22gcid-e48684dc-ba25-412d-b80a-0ab48c234c43%22:%91%22background_color%22%93}&#8221;][et_pb_row _builder_version=&#8221;4.16&#8243; _module_preset=&#8221;default&#8221; max_width=&#8221;700px&#8221; global_colors_info=&#8221;{}&#8221;][et_pb_column type=&#8221;4_4&#8243; _builder_version=&#8221;4.16&#8243; _module_preset=&#8221;default&#8221; global_colors_info=&#8221;{}&#8221;][et_pb_text _builder_version=&#8221;4.20.2&#8243; _module_preset=&#8221;default&#8221; custom_margin=&#8221;||60px|||&#8221; global_colors_info=&#8221;{}&#8221;]<\/p>\n<p>At Nova, we value each individual for who they are, understanding that God has a specific calling and ministry for each person.<\/p>\n<p>Here Jesus Christ is at the center, we are always growing and expanding and reaching and impacting the world with the gospel.<\/p>\n<p>See below the job openings we have open:<\/p>\n<p>[\/et_pb_text][et_pb_toggle title=&#8221;Nenhuma vaga aberta no momento&#8221; open_toggle_background_color=&#8221;RGBA(0,0,0,0)&#8221; closed_toggle_background_color=&#8221;RGBA(0,0,0,0)&#8221; _builder_version=&#8221;4.24.2&#8243; _module_preset=&#8221;default&#8221; hover_enabled=&#8221;0&#8243; global_colors_info=&#8221;{}&#8221; sticky_enabled=&#8221;0&#8243; disabled_on=&#8221;off|off|off&#8221;][\/et_pb_toggle][et_pb_toggle title=&#8221;Designer Gr\u00e1fico Pleno&#8221; open_toggle_background_color=&#8221;RGBA(0,0,0,0)&#8221; closed_toggle_background_color=&#8221;RGBA(0,0,0,0)&#8221; _builder_version=&#8221;4.20.2&#8243; _module_preset=&#8221;default&#8221; hover_enabled=&#8221;0&#8243; global_colors_info=&#8221;{}&#8221; sticky_enabled=&#8221;0&#8243; disabled_on=&#8221;on|on|on&#8221; disabled=&#8221;on&#8221;]<\/p>\n<p>Campus: Barra da Tijuca, RJ<\/p>\n<p>[\/et_pb_toggle][et_pb_toggle title=&#8221;Servi\u00e7os gerais&#8221; open_toggle_background_color=&#8221;RGBA(0,0,0,0)&#8221; closed_toggle_background_color=&#8221;RGBA(0,0,0,0)&#8221; _builder_version=&#8221;4.20.2&#8243; _module_preset=&#8221;default&#8221; global_colors_info=&#8221;{}&#8221; disabled_on=&#8221;on|on|on&#8221; disabled=&#8221;on&#8221;]<\/p>\n<p>Campus: Barra da Tijuca, RJ<\/p>\n<p>[\/et_pb_toggle][et_pb_toggle title=&#8221;Assistente de \u00c1udio Visual&#8221; open_toggle_background_color=&#8221;RGBA(0,0,0,0)&#8221; closed_toggle_background_color=&#8221;RGBA(0,0,0,0)&#8221; _builder_version=&#8221;4.20.2&#8243; _module_preset=&#8221;default&#8221; global_colors_info=&#8221;{}&#8221; disabled_on=&#8221;on|on|on&#8221; disabled=&#8221;on&#8221;]<\/p>\n<p>Pr\u00e9-requisitos:<\/p>\n<ul>\n<li>Conhecimento em software de edi\u00e7\u00e3o de v\u00eddeo (Adobe Premiere Pro e Blackmagic Design DaVinci)<\/li>\n<li>Conhecimento em software de proje\u00e7\u00e3o (ProPresenter)<\/li>\n<\/ul>\n<p>Campus: Barra da Tijuca, RJ<\/p>\n<p>[\/et_pb_toggle][\/et_pb_column][\/et_pb_row][\/et_pb_section][et_pb_section fb_built=&#8221;1&#8243; _builder_version=&#8221;4.20.2&#8243; _module_preset=&#8221;default&#8221; custom_padding=&#8221;0px|||||&#8221; global_colors_info=&#8221;{}&#8221;][et_pb_row _builder_version=&#8221;4.16&#8243; _module_preset=&#8221;default&#8221; max_width=&#8221;700px&#8221; global_colors_info=&#8221;{}&#8221;][et_pb_column type=&#8221;4_4&#8243; _builder_version=&#8221;4.16&#8243; _module_preset=&#8221;default&#8221; global_colors_info=&#8221;{}&#8221;][et_pb_text _builder_version=&#8221;4.20.2&#8243; _module_preset=&#8221;default&#8221; custom_margin=&#8221;||||false|false&#8221; global_colors_info=&#8221;{}&#8221;]<\/p>\n<h2>Interested?<\/h2>\n<p>If you are interested in any of the vacancies above, fill out the form below and, if available, we will contact you.<\/p>\n<p>[\/et_pb_text][\/et_pb_column][\/et_pb_row][et_pb_row _builder_version=&#8221;4.16&#8243; _module_preset=&#8221;7a0c7448-3472-4348-b1b4-8bf6ca9c424d&#8221; max_width=&#8221;500px&#8221; global_colors_info=&#8221;{}&#8221;][et_pb_column type=&#8221;4_4&#8243; _builder_version=&#8221;4.16&#8243; _module_preset=&#8221;default&#8221; global_colors_info=&#8221;{}&#8221;][et_pb_wpt_gravityform gravityform_id=&#8221;gf-19&#8243; title=&#8221;off&#8221; description=&#8221;off&#8221; ajax=&#8221;on&#8221; sub_label_custom_margin=&#8221;0px|0|3px|1px|false|false&#8221; field_description_custom_padding=&#8221;3px|0|0|0|false|false&#8221; _builder_version=&#8221;4.21.0&#8243; _module_preset=&#8221;default&#8221; label_text_color=&#8221;gcid-74508b7b-770f-486e-9e3c-9ba1a26fee0e&#8221; sub_label_text_color=&#8221;gcid-3e5979b9-b7b8-44ca-9b07-60be1070d016&#8243; field_description_text_color=&#8221;gcid-3e5979b9-b7b8-44ca-9b07-60be1070d016&#8243; border_color_all_input_general=&#8221;gcid-3e5979b9-b7b8-44ca-9b07-60be1070d016&#8243; global_colors_info=&#8221;{%22gcid-3e5979b9-b7b8-44ca-9b07-60be1070d016%22:%91%22sub_label_text_color%22,%22field_description_text_color%22,%22border_color_all_input_general%22%93,%22gcid-74508b7b-770f-486e-9e3c-9ba1a26fee0e%22:%91%22label_text_color%22%93}&#8221; border_color_all_input_general__hover_enabled=&#8221;off|hover&#8221;][\/et_pb_wpt_gravityform][\/et_pb_column][\/et_pb_row][\/et_pb_section]<\/p>","protected":false},"excerpt":{"rendered":"<p>Viva seu chamado,\u00a0n\u00e3o s\u00f3 sua carreira. Se voc\u00ea ou algu\u00e9m que voc\u00ea conhece estiver interessado, adorar\u00edamos te conhecer mais um pouco! Para saber mais ou se inscrever, veja abaixo. Na Nova, valorizamos cada indiv\u00edduo por quem ele \u00e9, entendendo que Deus tem um chamado e minist\u00e9rio espec\u00edfico para cada um. Aqui Jesus Cristo est\u00e1&#8230;<\/p>","protected":false},"author":1,"featured_media":0,"parent":0,"menu_order":0,"comment_status":"closed","ping_status":"closed","template":"","meta":{"_acf_changed":false,"_et_pb_use_builder":"on","_et_pb_old_content":"","_et_gb_content_width":"","footnotes":""},"class_list":["post-1256","page","type-page","status-publish","hentry"],"acf":[],"_links":{"self":[{"href":"https:\/\/novaigreja.com\/en\/wp-json\/wp\/v2\/pages\/1256","targetHints":{"allow":["GET"]}}],"collection":[{"href":"https:\/\/novaigreja.com\/en\/wp-json\/wp\/v2\/pages"}],"about":[{"href":"https:\/\/novaigreja.com\/en\/wp-json\/wp\/v2\/types\/page"}],"author":[{"embeddable":true,"href":"https:\/\/novaigreja.com\/en\/wp-json\/wp\/v2\/users\/1"}],"replies":[{"embeddable":true,"href":"https:\/\/novaigreja.com\/en\/wp-json\/wp\/v2\/comments?post=1256"}],"version-history":[{"count":0,"href":"https:\/\/novaigreja.com\/en\/wp-json\/wp\/v2\/pages\/1256\/revisions"}],"wp:attachment":[{"href":"https:\/\/novaigreja.com\/en\/wp-json\/wp\/v2\/media?parent=1256"}],"curies":[{"name":"wp","href":"https:\/\/api.w.org\/{rel}","templated":true}]}}

<p>[et_pb_section fb_built=&#8221;1&#8243; _builder_version=&#8221;4.20.2&#8243; _module_preset=&#8221;default&#8221; custom_padding=&#8221;||24px||false|false&#8221; global_colors_info=&#8221;{}&#8221;][et_pb_row column_structure=&#8221;1_2,1_2&#8243; make_equal=&#8221;on&#8221; custom_padding_last_edited=&#8221;on|tablet&#8221; _builder_version=&#8221;4.20.2&#8243; _module_preset=&#8221;default&#8221; use_background_color_gradient=&#8221;on&#8221; background_color_gradient_direction=&#8221;90deg&#8221; background_color_gradient_stops=&#8221;gcid-ff1ecb74-b464-4217-903c-d69e5e3c3f8c 0%|gcid-c5d7c083-e6b1-4d02-a4b0-3b3d3d6354af 100%&#8221; max_width_tablet=&#8221;90%&#8221; max_width_phone=&#8221;90%&#8221; max_width_last_edited=&#8221;on|tablet&#8221; custom_padding=&#8221;|3%||3%|false|true&#8221; custom_padding_tablet=&#8221;|3%||3%|false|true&#8221; custom_padding_phone=&#8221;|3%||3%|false|true&#8221; border_radii=&#8221;on|30px|30px|30px|30px&#8221; global_colors_info=&#8221;{%22gcid-6e8bc09b-f641-44e0-97bb-5256701eaade%22:%91%22background_color_gradient_stops%22%93,%22gcid-30ff4558-745a-466e-bdf1-26b5139f3523%22:%91%22background_color_gradient_stops%22%93,%22gcid-c5d7c083-e6b1-4d02-a4b0-3b3d3d6354af%22:%91%22background_color_gradient_stops%22%93,%22gcid-e48684dc-ba25-412d-b80a-0ab48c234c43%22:%91%22background_color_gradient_stops%22%93,%22gcid-ff1ecb74-b464-4217-903c-d69e5e3c3f8c%22:%91%22background_color_gradient_stops%22%93,%22gcid-25ac9308-b045-4eec-bab1-a5c95632d711%22:%91%22background_color_gradient_stops%22%93,%22gcid-bfe95e01-e276-416c-80e6-6af65af570dd%22:%91%22background_color_gradient_stops%22%93}&#8221;][et_pb_column type=&#8221;1_2&#8243; _builder_version=&#8221;4.20.2&#8243; _module_preset=&#8221;default&#8221; custom_css_main_element=&#8221;margin-top: auto;||margin-bottom: auto;&#8221; global_colors_info=&#8221;{}&#8221;][et_pb_text _builder_version=&#8221;4.20.2&#8243; _module_preset=&#8221;default&#8221; text_text_color=&#8221;#FFFFFF&#8221; custom_margin=&#8221;12px||||false|false&#8221; custom_padding=&#8221;||||false|false&#8221; text_orientation_tablet=&#8221;center&#8221; text_orientation_phone=&#8221;center&#8221; text_orientation_last_edited=&#8221;on|tablet&#8221; global_colors_info=&#8221;{}&#8221; header_2_line_height__hover_enabled=&#8221;off|desktop&#8221;]</p>
<h2>Live your <em>called</em>, <br />not only your career.</h2>
<p>[/et_pb_text][/et_pb_column][et_pb_column type=&#8221;1_2&#8243; _builder_version=&#8221;4.20.2&#8243; _module_preset=&#8221;default&#8221; custom_css_main_element=&#8221;margin-top: auto;||margin-bottom: auto;&#8221; global_colors_info=&#8221;{}&#8221;][et_pb_text _builder_version=&#8221;4.20.2&#8243; _module_preset=&#8221;default&#8221; text_text_color=&#8221;gcid-e48684dc-ba25-412d-b80a-0ab48c234c43&#8243; global_colors_info=&#8221;{%22gcid-bfe95e01-e276-416c-80e6-6af65af570dd%22:%91%22link_text_color%22,%22link_text_color%22,%22link_text_color%22,%22link_text_color%22,%22link_text_color%22%93,%22gcid-e48684dc-ba25-412d-b80a-0ab48c234c43%22:%91%22text_text_color%22%93}&#8221;]</p>
<p>If you or someone you know is interested, we'd love to get to know you a little more! To learn more or sign up, see below.</p>
<p>[/et_pb_text][/et_pb_column][/et_pb_row][/et_pb_section][et_pb_section fb_built=&#8221;1&#8243; _builder_version=&#8221;4.20.2&#8243; _module_preset=&#8221;default&#8221; background_enable_color=&#8221;off&#8221; custom_padding=&#8221;0px||0px|||&#8221; global_colors_info=&#8221;{%22gcid-e48684dc-ba25-412d-b80a-0ab48c234c43%22:%91%22background_color%22%93}&#8221;][et_pb_row _builder_version=&#8221;4.16&#8243; _module_preset=&#8221;default&#8221; max_width=&#8221;700px&#8221; global_colors_info=&#8221;{}&#8221;][et_pb_column type=&#8221;4_4&#8243; _builder_version=&#8221;4.16&#8243; _module_preset=&#8221;default&#8221; global_colors_info=&#8221;{}&#8221;][et_pb_text _builder_version=&#8221;4.20.2&#8243; _module_preset=&#8221;default&#8221; custom_margin=&#8221;||60px|||&#8221; global_colors_info=&#8221;{}&#8221;]</p>
<p>At Nova, we value each individual for who they are, understanding that God has a specific calling and ministry for each person.</p>
<p>Here Jesus Christ is at the center, we are always growing and expanding and reaching and impacting the world with the gospel.</p>
<p>See below the job openings we have open:</p>
<p>[/et_pb_text][et_pb_toggle title=&#8221;Nenhuma vaga aberta no momento&#8221; open_toggle_background_color=&#8221;RGBA(0,0,0,0)&#8221; closed_toggle_background_color=&#8221;RGBA(0,0,0,0)&#8221; _builder_version=&#8221;4.24.2&#8243; _module_preset=&#8221;default&#8221; hover_enabled=&#8221;0&#8243; global_colors_info=&#8221;{}&#8221; sticky_enabled=&#8221;0&#8243; disabled_on=&#8221;off|off|off&#8221;][/et_pb_toggle][et_pb_toggle title=&#8221;Designer Gráfico Pleno&#8221; open_toggle_background_color=&#8221;RGBA(0,0,0,0)&#8221; closed_toggle_background_color=&#8221;RGBA(0,0,0,0)&#8221; _builder_version=&#8221;4.20.2&#8243; _module_preset=&#8221;default&#8221; hover_enabled=&#8221;0&#8243; global_colors_info=&#8221;{}&#8221; sticky_enabled=&#8221;0&#8243; disabled_on=&#8221;on|on|on&#8221; disabled=&#8221;on&#8221;]</p>
<p>Campus: Barra da Tijuca, RJ</p>
<p>[/et_pb_toggle][et_pb_toggle title=&#8221;Serviços gerais&#8221; open_toggle_background_color=&#8221;RGBA(0,0,0,0)&#8221; closed_toggle_background_color=&#8221;RGBA(0,0,0,0)&#8221; _builder_version=&#8221;4.20.2&#8243; _module_preset=&#8221;default&#8221; global_colors_info=&#8221;{}&#8221; disabled_on=&#8221;on|on|on&#8221; disabled=&#8221;on&#8221;]</p>
<p>Campus: Barra da Tijuca, RJ</p>
<p>[/et_pb_toggle][et_pb_toggle title=&#8221;Assistente de Áudio Visual&#8221; open_toggle_background_color=&#8221;RGBA(0,0,0,0)&#8221; closed_toggle_background_color=&#8221;RGBA(0,0,0,0)&#8221; _builder_version=&#8221;4.20.2&#8243; _module_preset=&#8221;default&#8221; global_colors_info=&#8221;{}&#8221; disabled_on=&#8221;on|on|on&#8221; disabled=&#8221;on&#8221;]</p>
<p>Pré-requisitos:</p>
<ul>
<li>Conhecimento em software de edição de vídeo (Adobe Premiere Pro e Blackmagic Design DaVinci)</li>
<li>Conhecimento em software de projeção (ProPresenter)</li>
</ul>
<p>Campus: Barra da Tijuca, RJ</p>
<p>[/et_pb_toggle][/et_pb_column][/et_pb_row][/et_pb_section][et_pb_section fb_built=&#8221;1&#8243; _builder_version=&#8221;4.20.2&#8243; _module_preset=&#8221;default&#8221; custom_padding=&#8221;0px|||||&#8221; global_colors_info=&#8221;{}&#8221;][et_pb_row _builder_version=&#8221;4.16&#8243; _module_preset=&#8221;default&#8221; max_width=&#8221;700px&#8221; global_colors_info=&#8221;{}&#8221;][et_pb_column type=&#8221;4_4&#8243; _builder_version=&#8221;4.16&#8243; _module_preset=&#8221;default&#8221; global_colors_info=&#8221;{}&#8221;][et_pb_text _builder_version=&#8221;4.20.2&#8243; _module_preset=&#8221;default&#8221; custom_margin=&#8221;||||false|false&#8221; global_colors_info=&#8221;{}&#8221;]</p>
<h2>Interested?</h2>
<p>If you are interested in any of the vacancies above, fill out the form below and, if available, we will contact you.</p>
<p>[/et_pb_text][/et_pb_column][/et_pb_row][et_pb_row _builder_version=&#8221;4.16&#8243; _module_preset=&#8221;7a0c7448-3472-4348-b1b4-8bf6ca9c424d&#8221; max_width=&#8221;500px&#8221; global_colors_info=&#8221;{}&#8221;][et_pb_column type=&#8221;4_4&#8243; _builder_version=&#8221;4.16&#8243; _module_preset=&#8221;default&#8221; global_colors_info=&#8221;{}&#8221;][et_pb_wpt_gravityform gravityform_id=&#8221;gf-19&#8243; title=&#8221;off&#8221; description=&#8221;off&#8221; ajax=&#8221;on&#8221; sub_label_custom_margin=&#8221;0px|0|3px|1px|false|false&#8221; field_description_custom_padding=&#8221;3px|0|0|0|false|false&#8221; _builder_version=&#8221;4.21.0&#8243; _module_preset=&#8221;default&#8221; label_text_color=&#8221;gcid-74508b7b-770f-486e-9e3c-9ba1a26fee0e&#8221; sub_label_text_color=&#8221;gcid-3e5979b9-b7b8-44ca-9b07-60be1070d016&#8243; field_description_text_color=&#8221;gcid-3e5979b9-b7b8-44ca-9b07-60be1070d016&#8243; border_color_all_input_general=&#8221;gcid-3e5979b9-b7b8-44ca-9b07-60be1070d016&#8243; global_colors_info=&#8221;{%22gcid-3e5979b9-b7b8-44ca-9b07-60be1070d016%22:%91%22sub_label_text_color%22,%22field_description_text_color%22,%22border_color_all_input_general%22%93,%22gcid-74508b7b-770f-486e-9e3c-9ba1a26fee0e%22:%91%22label_text_color%22%93}&#8221; border_color_all_input_general__hover_enabled=&#8221;off|hover&#8221;][/et_pb_wpt_gravityform][/et_pb_column][/et_pb_row][/et_pb_section]</p>

<p>Viva seu chamado, não só sua carreira. Se você ou alguém que você conhece estiver interessado, adoraríamos te conhecer mais um pouco! Para saber mais ou se inscrever, veja abaixo. Na Nova, valorizamos cada indivíduo por quem ele é, entendendo que Deus tem um chamado e ministério específico para cada um. Aqui Jesus Cristo está&#8230;</p>
