{"id":1832,"date":"2022-03-05T23:40:27","date_gmt":"2022-03-06T02:40:27","guid":{"rendered":"https:\/\/nova2021.dev\/?page_id=1832"},"modified":"2026-03-31T14:47:11","modified_gmt":"2026-03-31T17:47:11","slug":"batismo","status":"publish","type":"page","link":"https:\/\/novaigreja.com\/en\/batismo\/","title":{"rendered":"Baptism"},"content":{"rendered":"<p>[et_pb_section fb_built=&#8221;1&#8243; _builder_version=&#8221;4.16&#8243; _module_preset=&#8221;default&#8221; custom_padding=&#8221;||45px|||&#8221; global_colors_info=&#8221;{}&#8221;][et_pb_row _builder_version=&#8221;4.16&#8243; _module_preset=&#8221;default&#8221; global_colors_info=&#8221;{}&#8221;][et_pb_column type=&#8221;4_4&#8243; _builder_version=&#8221;4.16&#8243; _module_preset=&#8221;default&#8221; global_colors_info=&#8221;{}&#8221;][et_pb_text _builder_version=&#8221;4.16&#8243; _module_preset=&#8221;default&#8221; text_orientation=&#8221;center&#8221; global_colors_info=&#8221;{}&#8221;]<\/p>\n<h1>Baptism<\/h1>\n<p>[\/et_pb_text][et_pb_video src=&#8221;https:\/\/www.youtube.com\/watch?v=kvMI4r3cDoY&#8221; _builder_version=&#8221;4.16&#8243; _module_preset=&#8221;default&#8221; global_colors_info=&#8221;{}&#8221;][\/et_pb_video][\/et_pb_column][\/et_pb_row][et_pb_row _builder_version=&#8221;4.16&#8243; _module_preset=&#8221;default&#8221; max_width=&#8221;700px&#8221; global_colors_info=&#8221;{}&#8221;][et_pb_column type=&#8221;4_4&#8243; _builder_version=&#8221;4.16&#8243; _module_preset=&#8221;default&#8221; global_colors_info=&#8221;{}&#8221;][et_pb_text _builder_version=&#8221;4.16&#8243; _module_preset=&#8221;default&#8221; global_colors_info=&#8221;{}&#8221;]<\/p>\n<p>Water baptism symbolizes our personal identification with the death, burial and resurrection of Jesus Christ. When we make this decision, we publicly confess the death of our old nature and rise together with Christ to new life, in victory over sin!<\/p>\n<blockquote>\n<p>\u201cTherefore we were buried with Him through baptism into death; so that as Christ was raised from the dead by the glory of the Father, so we too might walk in newness of life.\u201d <br \/>\u2013 Romans 6:4<\/p>\n<\/blockquote>\n<p>[\/et_pb_text][\/et_pb_column][\/et_pb_row][\/et_pb_section][et_pb_section fb_built=&#8221;1&#8243; _builder_version=&#8221;4.24.2&#8243; _module_preset=&#8221;default&#8221; custom_padding=&#8221;0px||0px|||&#8221; global_colors_info=&#8221;{}&#8221;][et_pb_row column_structure=&#8221;1_4,1_4,1_4,1_4&#8243; gutter_width=&#8221;1&#8243; custom_padding_last_edited=&#8221;off|desktop&#8221; _builder_version=&#8221;4.24.2&#8243; _module_preset=&#8221;default&#8221; max_width=&#8221;2560px&#8221; custom_padding=&#8221;0px|0%|0px|0%|true|true&#8221; global_colors_info=&#8221;{}&#8221;][et_pb_column type=&#8221;1_4&#8243; _builder_version=&#8221;4.24.2&#8243; _module_preset=&#8221;default&#8221; global_colors_info=&#8221;{}&#8221;][et_pb_image src=&#8221;https:\/\/novaigreja.com\/wp-content\/uploads\/2024\/03\/20230729-DSC00306-jpg.webp&#8221; title_text=&#8221;20230729-DSC00306&#8243; align=&#8221;center&#8221; force_fullwidth=&#8221;on&#8221; _builder_version=&#8221;4.24.2&#8243; _module_preset=&#8221;default&#8221; global_colors_info=&#8221;{}&#8221;][\/et_pb_image][\/et_pb_column][et_pb_column type=&#8221;1_4&#8243; _builder_version=&#8221;4.24.2&#8243; _module_preset=&#8221;default&#8221; global_colors_info=&#8221;{}&#8221;][et_pb_image src=&#8221;https:\/\/novaigreja.com\/wp-content\/uploads\/2024\/03\/20230311-_MG_7533.jpg&#8221; title_text=&#8221;20230311-_MG_7533&#8243; align=&#8221;center&#8221; force_fullwidth=&#8221;on&#8221; _builder_version=&#8221;4.24.2&#8243; _module_preset=&#8221;default&#8221; global_colors_info=&#8221;{}&#8221;][\/et_pb_image][\/et_pb_column][et_pb_column type=&#8221;1_4&#8243; _builder_version=&#8221;4.24.2&#8243; _module_preset=&#8221;default&#8221; global_colors_info=&#8221;{}&#8221;][et_pb_image src=&#8221;https:\/\/novaigreja.com\/wp-content\/uploads\/2024\/03\/20230311-_MG_7517.jpg&#8221; title_text=&#8221;20230311-_MG_7517&#8243; align=&#8221;center&#8221; force_fullwidth=&#8221;on&#8221; _builder_version=&#8221;4.24.2&#8243; _module_preset=&#8221;default&#8221; global_colors_info=&#8221;{}&#8221;][\/et_pb_image][\/et_pb_column][et_pb_column type=&#8221;1_4&#8243; _builder_version=&#8221;4.24.2&#8243; _module_preset=&#8221;default&#8221; global_colors_info=&#8221;{}&#8221;][et_pb_image src=&#8221;https:\/\/novaigreja.com\/wp-content\/uploads\/2024\/03\/20230311-_MG_7514-2.jpg&#8221; title_text=&#8221;20230311-_MG_7514-2&#8243; align=&#8221;center&#8221; force_fullwidth=&#8221;on&#8221; _builder_version=&#8221;4.24.2&#8243; _module_preset=&#8221;default&#8221; global_colors_info=&#8221;{}&#8221;][\/et_pb_image][\/et_pb_column][\/et_pb_row][\/et_pb_section][et_pb_section fb_built=&#8221;1&#8243; _builder_version=&#8221;4.16&#8243; _module_preset=&#8221;default&#8221; background_color=&#8221;#E9ECEF&#8221; global_colors_info=&#8221;{}&#8221;][et_pb_row _builder_version=&#8221;4.16&#8243; _module_preset=&#8221;default&#8221; global_colors_info=&#8221;{}&#8221;][et_pb_column type=&#8221;4_4&#8243; _builder_version=&#8221;4.16&#8243; _module_preset=&#8221;default&#8221; global_colors_info=&#8221;{}&#8221;][et_pb_text _builder_version=&#8221;4.16&#8243; _module_preset=&#8221;default&#8221; text_orientation=&#8221;center&#8221; global_colors_info=&#8221;{}&#8221;]<\/p>\n<h2>Frequently Asked Questions<\/h2>\n<p>[\/et_pb_text][et_pb_toggle title=&#8221;Quem deve ser batizado nas \u00e1guas?&#8221; _builder_version=&#8221;4.16&#8243; _module_preset=&#8221;default&#8221; global_colors_info=&#8221;{}&#8221;]<\/p>\n<p>Everyone who surrendered to Jesus and received Him as their Lord and Savior.\u00a0<\/p>\n<p>[\/et_pb_toggle][et_pb_toggle title=&#8221;Qual o momento certo para a pessoa que aceitou Jesus ser batizada?&#8221; _builder_version=&#8221;4.16&#8243; _module_preset=&#8221;default&#8221; global_colors_info=&#8221;{}&#8221;]<\/p>\n<p>Now. There is no need for waiting or preparation time. If you have made a personal decision to believe in Jesus, we encourage you to participate in our next baptism ceremony.\u00a0<\/p>\n<p>[\/et_pb_toggle][et_pb_toggle title=&#8221;Eu j\u00e1 fui batizado por aspers\u00e3o; preciso ser batizado novamente?&#8221; _builder_version=&#8221;4.16&#8243; _module_preset=&#8221;default&#8221; global_colors_info=&#8221;{}&#8221;]<\/p>\n<p>Not necessarily, as baptism is an act of faith! If you have certainty and peace in your heart regarding this issue, there is no need for another baptism. However, if there is still doubt or if you were baptized without understanding what was happening, you should consider getting baptized again.\u00a0<\/p>\n<p>[\/et_pb_toggle][et_pb_toggle title=&#8221;Eu j\u00e1 fui batizado quando crian\u00e7a; preciso me batizar novamente?&#8221; _builder_version=&#8221;4.16&#8243; _module_preset=&#8221;default&#8221; global_colors_info=&#8221;{}&#8221;]<\/p>\n<p>Yes, you need to. The Bible says that Baptism is the result of a personal decision, the result of believing in Jesus. A baby, or even a child, does not yet have the cognitive capacity for this.\u00a0<\/p>\n<p>[\/et_pb_toggle][et_pb_toggle title=&#8221;A partir de qual idade posso me batizar?&#8221; _builder_version=&#8221;4.16&#8243; _module_preset=&#8221;default&#8221; global_colors_info=&#8221;{}&#8221;]<\/p>\n<p>The Bible is not specific about this and, for this reason, many churches adopt different positions regarding child baptism.\u00a0<\/p>\n<p>At Nova Igreja, we baptize children from the age of 11, as we understand that at this early stage of adolescence it is already possible to consider the expression of the person being baptized.\u00a0<\/p>\n<p>[\/et_pb_toggle][\/et_pb_column][\/et_pb_row][\/et_pb_section][et_pb_section fb_built=&#8221;1&#8243; module_id=&#8221;inscricao&#8221; _builder_version=&#8221;4.20.2&#8243; _module_preset=&#8221;default&#8221; global_colors_info=&#8221;{}&#8221;][et_pb_row disabled_on=&#8221;off|off|off&#8221; _builder_version=&#8221;4.18.0&#8243; _module_preset=&#8221;default&#8221; max_width=&#8221;500px&#8221; global_colors_info=&#8221;{}&#8221;][et_pb_column type=&#8221;4_4&#8243; _builder_version=&#8221;4.16&#8243; _module_preset=&#8221;default&#8221; global_colors_info=&#8221;{}&#8221;][et_pb_text _builder_version=&#8221;4.27.5&#8243; _module_preset=&#8221;default&#8221; text_orientation=&#8221;center&#8221; hover_enabled=&#8221;0&#8243; global_colors_info=&#8221;{}&#8221; sticky_enabled=&#8221;0&#8243;]<\/p>\n<h2>Next baptism<\/h2>\n<p>&nbsp;<\/p>\n<p>14\/06<\/p>\n<p>If you would like to register for the next baptism, leave your information below and we will let you know all the information you need to know.<\/p>\n<p>[\/et_pb_text][\/et_pb_column][\/et_pb_row][et_pb_row _builder_version=&#8221;4.16&#8243; _module_preset=&#8221;7a0c7448-3472-4348-b1b4-8bf6ca9c424d&#8221; max_width=&#8221;500px&#8221; global_colors_info=&#8221;{}&#8221;][et_pb_column type=&#8221;4_4&#8243; _builder_version=&#8221;4.16&#8243; _module_preset=&#8221;default&#8221; global_colors_info=&#8221;{}&#8221;][et_pb_wpt_gravityform gravityform_id=&#8221;gf-11&#8243; title=&#8221;off&#8221; description=&#8221;off&#8221; ajax=&#8221;on&#8221; sub_label_custom_margin=&#8221;0px|0|3px|1px|false|false&#8221; field_description_custom_padding=&#8221;3px|0|0|0|false|false&#8221; _builder_version=&#8221;4.21.0&#8243; _module_preset=&#8221;default&#8221; label_text_color=&#8221;gcid-74508b7b-770f-486e-9e3c-9ba1a26fee0e&#8221; sub_label_text_color=&#8221;gcid-3e5979b9-b7b8-44ca-9b07-60be1070d016&#8243; field_description_text_color=&#8221;gcid-3e5979b9-b7b8-44ca-9b07-60be1070d016&#8243; border_color_all_input_general=&#8221;gcid-3e5979b9-b7b8-44ca-9b07-60be1070d016&#8243; global_colors_info=&#8221;{%22gcid-3e5979b9-b7b8-44ca-9b07-60be1070d016%22:%91%22sub_label_text_color%22,%22field_description_text_color%22,%22border_color_all_input_general%22%93,%22gcid-74508b7b-770f-486e-9e3c-9ba1a26fee0e%22:%91%22label_text_color%22%93}&#8221; border_color_all_input_general__hover_enabled=&#8221;off|hover&#8221;][\/et_pb_wpt_gravityform][\/et_pb_column][\/et_pb_row][\/et_pb_section]<\/p>","protected":false},"excerpt":{"rendered":"<p>Batismo O batismo nas \u00e1guas simboliza a nossa identifica\u00e7\u00e3o pessoal com a morte, o sepultamento e a ressurrei\u00e7\u00e3o de Jesus Cristo. Quando tomamos essa decis\u00e3o, confessamos publicamente a morte da nossa velha natureza e ressuscitamos juntamente com Cristo para uma nova vida, em vit\u00f3ria sobre o pecado! \u201cFomos, pois, sepultados com Ele na morte&#8230;<\/p>","protected":false},"author":1,"featured_media":0,"parent":0,"menu_order":0,"comment_status":"closed","ping_status":"closed","template":"","meta":{"_acf_changed":false,"_et_pb_use_builder":"on","_et_pb_old_content":"","_et_gb_content_width":"","footnotes":""},"class_list":["post-1832","page","type-page","status-publish","hentry"],"acf":[],"_links":{"self":[{"href":"https:\/\/novaigreja.com\/en\/wp-json\/wp\/v2\/pages\/1832","targetHints":{"allow":["GET"]}}],"collection":[{"href":"https:\/\/novaigreja.com\/en\/wp-json\/wp\/v2\/pages"}],"about":[{"href":"https:\/\/novaigreja.com\/en\/wp-json\/wp\/v2\/types\/page"}],"author":[{"embeddable":true,"href":"https:\/\/novaigreja.com\/en\/wp-json\/wp\/v2\/users\/1"}],"replies":[{"embeddable":true,"href":"https:\/\/novaigreja.com\/en\/wp-json\/wp\/v2\/comments?post=1832"}],"version-history":[{"count":0,"href":"https:\/\/novaigreja.com\/en\/wp-json\/wp\/v2\/pages\/1832\/revisions"}],"wp:attachment":[{"href":"https:\/\/novaigreja.com\/en\/wp-json\/wp\/v2\/media?parent=1832"}],"curies":[{"name":"wp","href":"https:\/\/api.w.org\/{rel}","templated":true}]}}

<p>[et_pb_section fb_built=&#8221;1&#8243; _builder_version=&#8221;4.16&#8243; _module_preset=&#8221;default&#8221; custom_padding=&#8221;||45px|||&#8221; global_colors_info=&#8221;{}&#8221;][et_pb_row _builder_version=&#8221;4.16&#8243; _module_preset=&#8221;default&#8221; global_colors_info=&#8221;{}&#8221;][et_pb_column type=&#8221;4_4&#8243; _builder_version=&#8221;4.16&#8243; _module_preset=&#8221;default&#8221; global_colors_info=&#8221;{}&#8221;][et_pb_text _builder_version=&#8221;4.16&#8243; _module_preset=&#8221;default&#8221; text_orientation=&#8221;center&#8221; global_colors_info=&#8221;{}&#8221;]</p>
<h1>Baptism</h1>
<p>[/et_pb_text][et_pb_video src=&#8221;https://www.youtube.com/watch?v=kvMI4r3cDoY&#8221; _builder_version=&#8221;4.16&#8243; _module_preset=&#8221;default&#8221; global_colors_info=&#8221;{}&#8221;][/et_pb_video][/et_pb_column][/et_pb_row][et_pb_row _builder_version=&#8221;4.16&#8243; _module_preset=&#8221;default&#8221; max_width=&#8221;700px&#8221; global_colors_info=&#8221;{}&#8221;][et_pb_column type=&#8221;4_4&#8243; _builder_version=&#8221;4.16&#8243; _module_preset=&#8221;default&#8221; global_colors_info=&#8221;{}&#8221;][et_pb_text _builder_version=&#8221;4.16&#8243; _module_preset=&#8221;default&#8221; global_colors_info=&#8221;{}&#8221;]</p>
<p>Water baptism symbolizes our personal identification with the death, burial and resurrection of Jesus Christ. When we make this decision, we publicly confess the death of our old nature and rise together with Christ to new life, in victory over sin!</p>
<blockquote>
<p>“Therefore we were buried with Him through baptism into death; so that as Christ was raised from the dead by the glory of the Father, so we too might walk in newness of life.” <br />– Romans 6:4</p>
</blockquote>
<p>[/et_pb_text][/et_pb_column][/et_pb_row][/et_pb_section][et_pb_section fb_built=&#8221;1&#8243; _builder_version=&#8221;4.24.2&#8243; _module_preset=&#8221;default&#8221; custom_padding=&#8221;0px||0px|||&#8221; global_colors_info=&#8221;{}&#8221;][et_pb_row column_structure=&#8221;1_4,1_4,1_4,1_4&#8243; gutter_width=&#8221;1&#8243; custom_padding_last_edited=&#8221;off|desktop&#8221; _builder_version=&#8221;4.24.2&#8243; _module_preset=&#8221;default&#8221; max_width=&#8221;2560px&#8221; custom_padding=&#8221;0px|0%|0px|0%|true|true&#8221; global_colors_info=&#8221;{}&#8221;][et_pb_column type=&#8221;1_4&#8243; _builder_version=&#8221;4.24.2&#8243; _module_preset=&#8221;default&#8221; global_colors_info=&#8221;{}&#8221;][et_pb_image src=&#8221;https://novaigreja.com/wp-content/uploads/2024/03/20230729-DSC00306-jpg.webp&#8221; title_text=&#8221;20230729-DSC00306&#8243; align=&#8221;center&#8221; force_fullwidth=&#8221;on&#8221; _builder_version=&#8221;4.24.2&#8243; _module_preset=&#8221;default&#8221; global_colors_info=&#8221;{}&#8221;][/et_pb_image][/et_pb_column][et_pb_column type=&#8221;1_4&#8243; _builder_version=&#8221;4.24.2&#8243; _module_preset=&#8221;default&#8221; global_colors_info=&#8221;{}&#8221;][et_pb_image src=&#8221;https://novaigreja.com/wp-content/uploads/2024/03/20230311-_MG_7533.jpg&#8221; title_text=&#8221;20230311-_MG_7533&#8243; align=&#8221;center&#8221; force_fullwidth=&#8221;on&#8221; _builder_version=&#8221;4.24.2&#8243; _module_preset=&#8221;default&#8221; global_colors_info=&#8221;{}&#8221;][/et_pb_image][/et_pb_column][et_pb_column type=&#8221;1_4&#8243; _builder_version=&#8221;4.24.2&#8243; _module_preset=&#8221;default&#8221; global_colors_info=&#8221;{}&#8221;][et_pb_image src=&#8221;https://novaigreja.com/wp-content/uploads/2024/03/20230311-_MG_7517.jpg&#8221; title_text=&#8221;20230311-_MG_7517&#8243; align=&#8221;center&#8221; force_fullwidth=&#8221;on&#8221; _builder_version=&#8221;4.24.2&#8243; _module_preset=&#8221;default&#8221; global_colors_info=&#8221;{}&#8221;][/et_pb_image][/et_pb_column][et_pb_column type=&#8221;1_4&#8243; _builder_version=&#8221;4.24.2&#8243; _module_preset=&#8221;default&#8221; global_colors_info=&#8221;{}&#8221;][et_pb_image src=&#8221;https://novaigreja.com/wp-content/uploads/2024/03/20230311-_MG_7514-2.jpg&#8221; title_text=&#8221;20230311-_MG_7514-2&#8243; align=&#8221;center&#8221; force_fullwidth=&#8221;on&#8221; _builder_version=&#8221;4.24.2&#8243; _module_preset=&#8221;default&#8221; global_colors_info=&#8221;{}&#8221;][/et_pb_image][/et_pb_column][/et_pb_row][/et_pb_section][et_pb_section fb_built=&#8221;1&#8243; _builder_version=&#8221;4.16&#8243; _module_preset=&#8221;default&#8221; background_color=&#8221;#E9ECEF&#8221; global_colors_info=&#8221;{}&#8221;][et_pb_row _builder_version=&#8221;4.16&#8243; _module_preset=&#8221;default&#8221; global_colors_info=&#8221;{}&#8221;][et_pb_column type=&#8221;4_4&#8243; _builder_version=&#8221;4.16&#8243; _module_preset=&#8221;default&#8221; global_colors_info=&#8221;{}&#8221;][et_pb_text _builder_version=&#8221;4.16&#8243; _module_preset=&#8221;default&#8221; text_orientation=&#8221;center&#8221; global_colors_info=&#8221;{}&#8221;]</p>
<h2>Frequently Asked Questions</h2>
<p>[/et_pb_text][et_pb_toggle title=&#8221;Quem deve ser batizado nas águas?&#8221; _builder_version=&#8221;4.16&#8243; _module_preset=&#8221;default&#8221; global_colors_info=&#8221;{}&#8221;]</p>
<p>Everyone who surrendered to Jesus and received Him as their Lord and Savior. </p>
<p>[/et_pb_toggle][et_pb_toggle title=&#8221;Qual o momento certo para a pessoa que aceitou Jesus ser batizada?&#8221; _builder_version=&#8221;4.16&#8243; _module_preset=&#8221;default&#8221; global_colors_info=&#8221;{}&#8221;]</p>
<p>Now. There is no need for waiting or preparation time. If you have made a personal decision to believe in Jesus, we encourage you to participate in our next baptism ceremony. </p>
<p>[/et_pb_toggle][et_pb_toggle title=&#8221;Eu já fui batizado por aspersão; preciso ser batizado novamente?&#8221; _builder_version=&#8221;4.16&#8243; _module_preset=&#8221;default&#8221; global_colors_info=&#8221;{}&#8221;]</p>
<p>Not necessarily, as baptism is an act of faith! If you have certainty and peace in your heart regarding this issue, there is no need for another baptism. However, if there is still doubt or if you were baptized without understanding what was happening, you should consider getting baptized again. </p>
<p>[/et_pb_toggle][et_pb_toggle title=&#8221;Eu já fui batizado quando criança; preciso me batizar novamente?&#8221; _builder_version=&#8221;4.16&#8243; _module_preset=&#8221;default&#8221; global_colors_info=&#8221;{}&#8221;]</p>
<p>Yes, you need to. The Bible says that Baptism is the result of a personal decision, the result of believing in Jesus. A baby, or even a child, does not yet have the cognitive capacity for this. </p>
<p>[/et_pb_toggle][et_pb_toggle title=&#8221;A partir de qual idade posso me batizar?&#8221; _builder_version=&#8221;4.16&#8243; _module_preset=&#8221;default&#8221; global_colors_info=&#8221;{}&#8221;]</p>
<p>The Bible is not specific about this and, for this reason, many churches adopt different positions regarding child baptism. </p>
<p>At Nova Igreja, we baptize children from the age of 11, as we understand that at this early stage of adolescence it is already possible to consider the expression of the person being baptized. </p>
<p>[/et_pb_toggle][/et_pb_column][/et_pb_row][/et_pb_section][et_pb_section fb_built=&#8221;1&#8243; module_id=&#8221;inscricao&#8221; _builder_version=&#8221;4.20.2&#8243; _module_preset=&#8221;default&#8221; global_colors_info=&#8221;{}&#8221;][et_pb_row disabled_on=&#8221;off|off|off&#8221; _builder_version=&#8221;4.18.0&#8243; _module_preset=&#8221;default&#8221; max_width=&#8221;500px&#8221; global_colors_info=&#8221;{}&#8221;][et_pb_column type=&#8221;4_4&#8243; _builder_version=&#8221;4.16&#8243; _module_preset=&#8221;default&#8221; global_colors_info=&#8221;{}&#8221;][et_pb_text _builder_version=&#8221;4.27.5&#8243; _module_preset=&#8221;default&#8221; text_orientation=&#8221;center&#8221; hover_enabled=&#8221;0&#8243; global_colors_info=&#8221;{}&#8221; sticky_enabled=&#8221;0&#8243;]</p>
<h2>Next baptism</h2>
<p>&nbsp;</p>
<p>14/06</p>
<p>If you would like to register for the next baptism, leave your information below and we will let you know all the information you need to know.</p>
<p>[/et_pb_text][/et_pb_column][/et_pb_row][et_pb_row _builder_version=&#8221;4.16&#8243; _module_preset=&#8221;7a0c7448-3472-4348-b1b4-8bf6ca9c424d&#8221; max_width=&#8221;500px&#8221; global_colors_info=&#8221;{}&#8221;][et_pb_column type=&#8221;4_4&#8243; _builder_version=&#8221;4.16&#8243; _module_preset=&#8221;default&#8221; global_colors_info=&#8221;{}&#8221;][et_pb_wpt_gravityform gravityform_id=&#8221;gf-11&#8243; title=&#8221;off&#8221; description=&#8221;off&#8221; ajax=&#8221;on&#8221; sub_label_custom_margin=&#8221;0px|0|3px|1px|false|false&#8221; field_description_custom_padding=&#8221;3px|0|0|0|false|false&#8221; _builder_version=&#8221;4.21.0&#8243; _module_preset=&#8221;default&#8221; label_text_color=&#8221;gcid-74508b7b-770f-486e-9e3c-9ba1a26fee0e&#8221; sub_label_text_color=&#8221;gcid-3e5979b9-b7b8-44ca-9b07-60be1070d016&#8243; field_description_text_color=&#8221;gcid-3e5979b9-b7b8-44ca-9b07-60be1070d016&#8243; border_color_all_input_general=&#8221;gcid-3e5979b9-b7b8-44ca-9b07-60be1070d016&#8243; global_colors_info=&#8221;{%22gcid-3e5979b9-b7b8-44ca-9b07-60be1070d016%22:%91%22sub_label_text_color%22,%22field_description_text_color%22,%22border_color_all_input_general%22%93,%22gcid-74508b7b-770f-486e-9e3c-9ba1a26fee0e%22:%91%22label_text_color%22%93}&#8221; border_color_all_input_general__hover_enabled=&#8221;off|hover&#8221;][/et_pb_wpt_gravityform][/et_pb_column][/et_pb_row][/et_pb_section]</p>

<p>Batismo O batismo nas águas simboliza a nossa identificação pessoal com a morte, o sepultamento e a ressurreição de Jesus Cristo. Quando tomamos essa decisão, confessamos publicamente a morte da nossa velha natureza e ressuscitamos juntamente com Cristo para uma nova vida, em vitória sobre o pecado! “Fomos, pois, sepultados com Ele na morte&#8230;</p>
